e the remainder when 23448 is divided by 2343.
18
What is the remainder when 17929 is divided by 856?
809
Calculate the remainder when 1112210 is divided by 519.
512
Calculate the remainder when 61571 is divided by 12.
11
What is the remainder when 12431 is divided by 4124?
59
Calculate the remainder when 2603735 is divided by 348.
347
Calculate the remainder when 257352 is divided by 128675.
2
Calculate the remainder when 3867 is divided by 482.
11
Calculate the remainder when 2047 is divided by 49.
38
What is the remainder when 26202 is divided by 1745?
27
Calculate the remainder when 51256 is divided by 40.
16
Calculate the remainder when 2893 is divided by 163.
122
What is the remainder when 4177 is divided by 71?
59
What is the remainder when 6056 is divided by 83?
80
Calculate the remainder when 1305 is divided by 582.
141
Calculate the remainder when 63629 is divided by 55.
49
What is the remainder when 36979 is divided by 10?
9
Calculate the remainder when 20731 is divided by 2588.
27
What is the remainder when 22065 is divided by 408?
33
Calculate the remainder when 71506 is divided by 59.
57
What is the remainder when 14167 is divided by 65?
62
Calculate the remainder when 113006 is divided by 9415.
26
Calculate the remainder when 194143 is divided by 129.
127
Calculate the remainder when 317756 is divided by 211.
201
Calculate the remainder when 1731 is divided by 193.
187
Calculate the remainder when 1561 is divided by 64.
25
What is the remainder when 6868 is divided by 1143?
10
What is the remainder when 1674647 is divided by 31?
27
Calculate the remainder when 663 is divided by 162.
15
What is the remainder when 101597 is divided by 14?
13
Calculate the remainder when 5153 is divided by 57.
23
Calculate the remainder when 25691 is divided by 16.
11
Calculate the remainder when 4139 is divided by 4120.
19
Calculate the remainder when 500484 is divided by 1375.
1359
Calculate the remainder when 5646 is divided by 1810.
216
Calculate the remainder when 6579 is divided by 6570.
9
Calculate the remainder when 8458 is divided by 90.
88
What is the remainder when 4630 is divided by 1973?
684
Calculate the remainder when 625063 is divided by 716.
711
What is the remainder when 5032 is divided by 2512?
8
What is the remainder when 61640 is divided by 27?
26
Calculate the remainder when 1010 is divided by 28.
2
Calculate the remainder when 7793 is divided by 355.
338
What is the remainder when 3621 is divided by 17?
0
Calculate the remainder when 184210 is divided by 1071.
1069
What is the remainder when 201707 is divided by 3?
2
What is the remainder when 54192 is divided by 13516?
128
What is the remainder when 212569 is divided by 38?
35
Calculate the remainder when 19258 is divided by 391.
99
What is the remainder when 13171 is divided by 155?
151
What is the remainder when 16874 is divided by 81?
26
Calculate the remainder when 89405 is divided by 508.
505
Calculate the remainder when 28115 is divided by 9367.
14
What is the remainder when 951 is divided by 240?
231
Calculate the remainder when 1374 is divided by 65.
9
What is the remainder when 477491 is divided by 17053?
7
Calculate the remainder when 2705 is divided by 1057.
591
What is the remainder when 25756 is divided by 3219?
4
Calculate the remainder when 362 is divided by 95.
77
Calculate the remainder when 134226 is divided by 188.
182
What is the remainder when 3639 is divided by 370?
309
What is the remainder when 184698 is divided by 65?
33
What is the remainder when 1280 is divided by 214?
210
Calculate the remainder when 178837 is divided by 18.
7
Calculate the remainder when 1546 is divided by 131.
105
Calculate the remainder when 75024 is divided by 148.
136
Calculate the remainder when 9744 is divided by 4864.
16
Calculate the remainder when 1156 is divided by 158.
50
Calculate the remainder when 6545 is divided by 492.
149
Calculate the remainder when 18310 is divided by 6100.
10
What is the remainder when 554 is divided by 314?
240
Calculate the remainder when 163876 is divided by 170.
166
Calculate the remainder when 20660 is divided by 123.
119
What is the remainder when 1608 is divided by 126?
96
What is the remainder when 340452 is divided by 68089?
7
Calculate the remainder when 8541 is divided by 20.
1
Calculate the remainder when 355808 is divided by 115.
113
What is the remainder when 879197 is divided by 79927?
0
Calculate the remainder when 71325 is divided by 34.
27
What is the remainder when 1370 is divided by 266?
40
What is the remainder when 2349 is divided by 392?
389
What is the remainder when 2480 is divided by 622?
614
What is the remainder when 1809 is divided by 498?
315
Calculate the remainder when 8134 is divided by 88.
38
What is the remainder when 6756 is divided by 39?
9
What is the remainder when 374243 is divided by 13?
12
Calculate the remainder when 11193 is divided by 31.
2
Calculate the remainder when 27239 is divided by 3889.
16
What is the remainder when 17350 is divided by 28?
18
What is the remainder when 1680 is divided by 332?
20
Calculate the remainder when 114419 is divided by 11.
8
Calculate the remainder when 7333 is divided by 371.
284
Calculate the remainder when 910 is divided by 531.
379
Calculate the remainder when 7328 is divided by 1802.
120
What is the remainder when 668218 is divided by 16298?
0
Calculate the remainder when 9570 is divided by 28.
22
Calculate the remainder when 3882 is divided by 77.
32
What is the remainder when 106259 is divided by 23?
22
What is the remainder when 6126 is divided by 2040?
6
Calculate the remainder when 1078 is divided by 78.
64
What is the remainder when 632660 is divided by 1142?
1134
Calculate the remainder when 8743 is divided by 207.
49
Calculate the remainder when 39757 is divided by 736.
13
Calculate the remainder when 32033 is divided by 7909.
397
What is the remainder when 8810 is divided by 210?
200
Calculate the remainder when 13887 is divided by 15.
12
Calculate the remainder when 163 is divided by 112.
51
Calculate the remainder when 248638 is divided by 105.
103
What is the remainder when 103738 is divided by 14813?
47
Calculate the remainder when 25235 is divided by 23.
4
Calculate the remainder when 30419 is divided by 234.
233
What is the remainder when 66717 is divided by 3177?
0
What is the remainder when 2303 is divided by 394?
333
Calculate the remainder when 1701 is divided by 62.
27
Calculate the remainder when 34939 is divided by 141.
112
Calculate the remainder when 17359 is divided by 5725.
184
What is the remainder when 992 is divided by 11?
2
What is the remainder when 1189 is divided by 513?
163
Calculate the remainder when 256133 is divided by 202.
199
What is the remainder when 43856 is divided by 3130?
36
What is the remainder when 11250 is divided by 3750?
0
What is the remainder when 127807 is divided by 8519?
22
What is the remainder when 56821 is divided by 1?
0
What is the remainder when 4011 is divided by 143?
7
What is the remainder when 565737 is divided by 21?
18
Calculate the remainder when 2105 is divided by 2104.
1
Calculate the remainder when 10444 is divided by 958.
864
Calculate the remainder when 8310 is divided by 1658.
20
Calculate the remainder when 17221 is divided by 158.
157
Calculate the remainder when 1605 is divided by 464.
213
What is the remainder when 52130 is divided by 237?
227
Calculate the remainder when 8764 is divided by 47.
22
Calculate the remainder when 31759 is divided by 133.
105
Calculate the remainder when 1656476 is divided by 42.
38
Calculate the remainder when 102543 is divided by 25557.
315
Calculate the remainder when 78312 is divided by 33.
3
Calculate the remainder when 16484 is divided by 1276.
1172
Calculate the remainder when 17729 is divided by 44.
41
What is the remainder when 4703 is divided by 1624?
1455
Calculate the remainder when 496751 is divided by 466.
461
Calculate the remainder when 5000 is divided by 1437.
689
Calculate the remainder when 12881 is divided by 2554.
111
What is the remainder when 333356 is divided by 6?
2
Calculate the remainder when 1051221 is divided by 769.
767
What is the remainder when 240820 is divided by 10034?
4
What is the remainder when 41514 is divided 